ber?
True
Let y(c) = c**2 + 8*c - 3. Let i(g) = g**2 + 9*g. Let j be i(-8). Let z be y(j). Let p(d) = 8*d**2 - 3*d + 2. Is p(z) prime?
True
Let k(j) = 3437*j - 94. Is k(7) a composite number?
True
Let a(w) = 9*w**2 + 7*w. Let c be a(5). Let f = 911 + c. Is f prime?
True
Is 10 - (-57)/(-6) - (-190065)/10 composite?
True
Let r(v) = 2*v**2 - 3*v + 2. Let f be r(2). Suppose -2*s + 266 = -s - 5*h, -4*s - f*h = -992. Is s a prime number?
True
Let z = 1277 + -1262. Let o = 12 + -22. Is (-15316)/o - 9/z a prime number?
True
Suppose 0 = -9*v + 12*v - 900. Suppose 0 = -4*b + v + 432. Is b a composite number?
True
Let l = -320 - -3673. Is l a prime number?
False
Let t be 1 - -4*(-9)/12. Let m be t/(-11) - 22808/88. Let j = -172 - m. Is j a prime number?
False
Let n be -4 - ((-8)/(-4) + -329). Let q = 1978 - n. Is q composite?
True
Let r = 4 - -2. Suppose 0 = -5*p + 5*c + 30, -r*c + 24 = 5*p - 8*c. Is 4/(p*(-4)/(-104)) composite?
True
Let k(x) = 54*x - 23. Let n be k(2). Let s = 232 + n. Is s prime?
True
Suppose -14649 - 63927 = -16*z. Is z prime?
False
Suppose 3*x + 259 - 1279 = 0. Suppose 4*w - 184 = x. Is w a composite number?
False
Suppose 2*x + 11*v = 10*v - 74, 0 = -3*x - 2*v - 113. Let t(s) = s**2 + 2*s - 3. Let l be t(-3). Is l - (x - (3 - 1)) prime?
True
Let u = -35 + 35. Suppose u = r - 2*f - 951, 3221 = 3*r + 3*f + 413. Is r a composite number?
False
Let v be 2/5 + 104/65. Suppose k = -5*u + 841, 0 = -2*k - v*k - 5*u + 3394. Is k a composite number?
True
Let y = 15 + -11. Suppose 2*b = 3*v - 2469, v = -0*b - y*b + 837. Let u = 1396 - v. Is u a composite number?
False
Suppose 0 = 4*v - 4*j + 8 + 4, j = 2*v + 3. Let q(t) = -t + v*t + t - 1 + 37*t**2 + t. Is q(1) prime?
True
Let r(l) = 206*l - 557. Is r(6) a composite number?
True
Suppose 2*i - 8 = x, -3*i + 12 = 4*x - 0*i. Suppose x = 2*c + 1 - 9. Is c prime?
False
Let u(b) = 27*b**2 + 30*b - 15. Is u(-12) a composite number?
True
Let l(m) = -m**3 - 8*m**2 + 4*m + 18. Let q be l(-12). Suppose -2*n = -2*c + 222, 0*n + 2*c - q = 5*n. Let h = 241 + n. Is h a prime number?
False
Suppose 0 = 2*i + 4*y - 14, -i - 4*y = -7*y + 3. Suppose -4*b - 5*u + 3129 = 0, -5*b - i*u + 3900 = u. Suppose b = 7*k - 3*k. Is k a composite number?
True
Let z be (-10440)/(-5) - (5 + -2 + -3). Suppose 986 = 2*i - z. Is i prime?
False
Let x be (60/(-10))/(0 - 1). Is 13660/30*x/4 prime?
True
Suppose -4591 = -4*h + 853. Is h a prime number?
True
Let b = -629 - -1062. Let d = b + -227. Is d prime?
False
Let j(q) = 19*q**2 - 42*q - 110. Is j(27) a prime number?
False
Suppose -902*p = -898*p - 45516. Is p a prime number?
False
Let s(y) = 23*y - 4. Let q be s(6). Let c = q + -26. Suppose 0 = 3*x - 3*z - c, 5*z = 4*x - 2*x - 63. Is x a prime number?
False
Let r(q) = 11*q**2 - 4*q + 11. Let v be r(5). Suppose -8*n + v = -n. Suppose 3*w + t + n = 142, 4*w - 107 = 5*t. Is w prime?
False
Let q = 66 + -64. Is 0 + 1/(q/14126) prime?
False
Suppose 35205 + 20135 = 4*g. Is g a composite number?
True
Suppose -6*i = -4*i - 882. Let k = i + 246. Is k composite?
True
Suppose 658 = c + c - 3*v, -5*c + 4*v + 1659 = 0. Is c a prime number?
False
Let w(o) = 59*o**2 + 3*o - 31. Is w(16) composite?
False
Let k = 15009 + -8268. Suppose 0 = 2*s + 2, 705 = -5*j + s + k. Is j a composite number?
True
Let l(i) = -i**3 + 10*i**2 + 10*i + 9. Let p(v) = v**2 + v + 1. Let a(m) = -l(m) + 4*p(m). Let y be a(7). Suppose f = -y*f + 33. Is f a composite number?
False
Let k = -5 + 8. Suppose -k*r = -h + 343 + 129, -4*r = 3*h - 1390. Is h a prime number?
False
Suppose 0 = 29*n + 14*n - 35045. Is n a composite number?
True
Let z(a) = 490*a - 227. Is z(36) a composite number?
True
Let i(w) = -w**3 - 7*w**2 + 3*w + 7. Let o be i(-7). Let c = 5 - -15. Let y = c + o. Is y prime?
False
Suppose -2*d + 1401 = 5*p + 2*d, 0 = 2*d - 8. Let q = 396 + p. Is q prime?
True
Let p(b) = b**3 + 6*b**2 - 5*b + 4. Let x be p(-6). Let m = 34 - x. Suppose m = -4*n + 244 + 7512. Is n a composite number?
True
Let z(d) be the third derivative of 49*d**5/60 + d**4/24 - 11*d**3/6 + 6*d**2. Is z(6) a prime number?
True
Suppose 968071 = 48*f - 311705. Is f a prime number?
False
Suppose s - 8*s = -2128. Suppose 4*b - s = 348. Is b composite?
False
Let j = 66611 + -15556. Is j composite?
True
Let i be (-49)/(-35) + 6/10. Suppose -i*g = 14*g - 21088. Is g a prime number?
False
Let b(y) = y + 6. Let t be b(-3). Let d(c) = -c**3 + 3*c**2 + 2*c - 2. Let g be d(t). Is (-370)/15*(-6)/g prime?
True
Suppose -49*h = -50*h - 54. Is (-11388)/h - 1/(-9) a prime number?
True
Let j = 79106 + -38099. Is j prime?
False
Suppose -3*w + a - 4 = 1, 5*w - 3*a = -7. Let k be 4*w/(12/711). Is (k/9)/((-2)/6) a prime number?
False
Suppose -536*l = -543*l + 13615. Is l prime?
False
Suppose -23312 = -4*v - 0*n + 4*n, -2*v = 5*n - 11691. Is v a composite number?
True
Suppose k - 2 - 2 = 0. Suppose 4*u - 4*i = 1848, -k*u - 5*i = -2*i - 1869. Suppose -5*t = -0*t - 4*b - 773, 3*t - u = 2*b. Is t prime?
True
Let n(h) = -6715*h - 322. Is n(-5) composite?
True
Let o(z) = z**3 + 7*z**2 - 9*z - 3. Let b be o(-8). Suppose -5*m = -b*v + 395, 5*v - m = 213 + 174. Let c = v - 28. Is c a composite number?
True
Let z = 3 + 1. Suppose -3*y - 22 = -z*y. Suppose -l + y = -55. Is l composite?
True
Suppose 3227 = 7*f - 2142. Suppose 12*k = -k + f. Is k composite?
False
Suppose -4*p = 2*d - 0*d - 3820, -5*d - 5*p = -9525. Suppose -6428 + d = -8*b. Is b composite?
True
Let x(u) be the second derivative of 13*u**4/24 - u**3/6 + 4*u**2 + 8*u. Let z(a) be the first derivative of x(a). Is z(10) a prime number?
False
Let z(g) = 97*g**2 - 11*g + 99. Is z(-17) a composite number?
False
Let a(s) = 2*s - 3*s + 4*s + 7*s - 6. Let f be a(8). Let m = f + -7. Is m composite?
False
Suppose 0 = 3*u + 5*x + 8 + 21, -7 = 5*u - 2*x. Is (-2)/((-6685)/2225 - u) prime?
False
Let s(b) = 64*b - 2. Is s(7) a prime number?
False
Let g = 655 + -1181. Let x = 137 - g. Suppose -4*b + x = -69. Is b a composite number?
True
Suppose -6*s - 38 = 802. Let l = 343 + s. Is l a prime number?
False
Suppose 45*f - 315716 = 1341319. Is f composite?
True
Let y(p) = -p**3 - 17*p**2 - 15*p + 18. Suppose -5*b - 2*t - 84 = 0, 3*b + 16 + 34 = -t. Let w be y(b). Is 142 - (0 + w + -3) composite?
True
Suppose 7*s - 6*s - 3 = 0. Let o = 1 + s. Suppose -o*j = -3*j - 33. Is j a prime number?
False
Suppose 6144 = -6*k + 10*k. Suppose 5*t - k = 2*t. Let b = 829 - t. Is b composite?
False
Let m(o) = -626*o + 13. Let a be m(-9). Let g be a/3 - 1/3. Let f = 3465 - g. Is f prime?
True
Suppose 3*d + 2*d - 1480 = 0. Suppose 2*z = -4*s + d, -s - 5*z = 41 - 106. Suppose 182 = 2*t - 3*b - s, t - b = 126. Is t prime?
False
Let w(g) = 2701*g**2 + 9*g + 43. Is w(-4) prime?
True
Suppose 29964 = 7*u - 41527. Is u prime?
False
Suppose 3*l - 8*l - 2450 = 0. Let z = l + 799. Is z prime?
False
Let x = -3497 - -8326. Is x a prime number?
False
Let s(q) = -1267*q + 310. Is s(-3) composite?
False
Let q = 2281 + -1124. Is q composite?
True
Let f be -4*(3 + 0 - 7). Suppose -p + 3 = -f. Is p prime?
True
Let a = 43594 - 21093. Is a a prime number?
True
Let k(g) = 140*g + 13. Let x be k(-6). Let o = x - -1438. Is o composite?
True
Let f(n) = -n**3 - 5*n**2 - 3*n + 4. Let z = -11 - -4. Let m be f(z). Suppose 4*q - 552 = -5*b, 0*q = -q - 5*b + m. Is q prime?
False
Suppose -386*v - 9527 = -393*v. Is v a composite number?
False
Is (-3 + 4 - 3)*52203/(-6) composite?
False
Is ((-353310)/9)/((40/12)/(-5)) prime?
False
Let z = -3207 + 5854. Is z a composite number?
False
Let o(h) = -4*h - 2. Let r be o(-1). Is 1943 + 5 - (3 + r) a composite number?
True
Let i(n) = -59*n - 36. Suppose 49 = -2*c - 5*c. Is i(c) composite?
True
Let c = -22 - -40. Suppose -f + 733 = -2*i, -723 = -f - 5*i - c. Suppose j + f = 6*j. Is j a composite number?
True
Suppose -6*w = -w - 75. Is w + -12 - (-693 + 1) a prime number?
False
Let b be (6/(-3))/(-1) + (-4 - -64). Let g be ((-51)/2)/(3/(-6)). Let u = g + b. Is u prime?
True
Let z(v) be the third derivative of -3*v**5/20 + 19*v**4/24 + 2*v**3/3 + 3*v**2. Let n(w) = -5*w**2 + 10*w + 2. Let o(g) = -11*n(g) + 6*z(g). Is o(-13) prime?
False
Suppose -20*d = -25*d + 18205. Is d composite?
True
Suppose -3*j = 4*v - 40583 - 10769, 5*v - 3*j - 64217 = 0. Is v a composite number?
False
Let j be -5 + 13 + -3